et h be d(-2). Suppose -4*n - 3*f = -7*n + h, f - 8 = -5*n. Calculate the remainder when n is divided by a.
0
Calculate the remainder when 3 - ((-2)/(-2) - (-360)/(-8)) is divided by 24.
23
Suppose -13 + 1 = -2*w. What is the remainder when w is divided by 2?
0
Suppose 3*t + t = 0. Let r = t - -16. What is the remainder when 47 is divided by r?
15
Suppose -2*z - 14 = -3*z. What is the remainder when 95 is divided by z?
11
Let s be -4*(-3)/36*-6. What is the remainder when 22 + -1 + 6 + s is divided by 9?
7
Suppose 0 = -5*f - 0 + 80. What is the remainder when 61 is divided by f?
13
Suppose 7 = -4*r + 23. Let f(n) = -n + 8. Let z(t) = 2*t**2 + 13*t + 12. Calculate the remainder when z(-6) is divided by f(r).
2
Suppose d = -5*q + 232, -3*q + 54 = -2*q + 4*d. Calculate the remainder when q is divided by 16.
14
What is the remainder when 1/((-7)/(-36))*(-140)/(-8) is divided by 13?
12
Let y = 63 - 21. Let j = 59 - y. What is the remainder when j is divided by 6?
5
Let t(h) = 18*h**2 - 2*h - 4. What is the remainder when 191 is divided by t(-1)?
15
Calculate the remainder when 39 is divided by 1160/56 + (-4)/(-14).
18
Suppose -m = -2*m + 8. Suppose 6 = 4*i - i. What is the remainder when m is divided by 1 - (3 - (i + 3))?
2
Let i(o) = 2*o**2 + o - 2. Let h(q) = 15*q + 6. Let v be h(5). Let d = v - 44. What is the remainder when d is divided by i(-3)?
11
Let i(j) = 24*j**2 + 5*j + 1. Let f(s) = -25*s**2 - 4*s - 1. Let u(a) = -4*f(a) - 3*i(a). What is the remainder when u(-1) is divided by 15?
13
Let c = -475 - -177. What is the remainder when c/(-8) - 5/20 is divided by 13?
11
Let d be (-35)/(-14)*(-108)/(-2). Let u = d + -87. Calculate the remainder when u is divided by 17.
14
Suppose -9*y + 156 = -5*y. What is the remainder when y is divided by 10?
9
Suppose -2*f + 3*y = -72, -2*f - 5*y + 1 = -103. Let p(z) = -2*z + 3. What is the remainder when f is divided by p(-4)?
9
Let c(n) = -n**3 + 9*n**2 + n - 4. Let x be c(9). Let d = x - 3. What is the remainder when 4 is divided by d?
0
Let i(y) = -2*y**3 + 3*y**2 - 2. Let o be i(-2). Suppose -2*r - 2*r - 5*x = 44, -3*r = 2*x + o. Let p = r + 15. What is the remainder when 25 is divided by p?
7
Let c(p) = 22*p**2 + 3*p + 2. Let d be c(-1). Suppose l = d + 2. What is the remainder when 67 is divided by l?
21
Let x(z) = 2*z**2 + 6*z + 3. Suppose 4*q = -0*q - 5*b - 195, 5*q + b + 228 = 0. Let j = -13 - q. What is the remainder when j is divided by x(-4)?
10
Let k(c) = c**2 + 10*c - 9. Suppose 4*y + 76 = 28. Calculate the remainder when k(y) is divided by 9.
6
Let z = -6 + 9. Suppose -7 = 2*y + 1, z*q - 26 = -4*y. What is the remainder when 27 is divided by q?
13
Suppose -3*u = -u - 52. What is the remainder when (-3 + 0)/(2/(-34)) is divided by u?
25
Suppose -4*w - 12 = 0, 2*u + 3*w = -0*u - 5. Let o = -10 + 15. Suppose -6*a = -3*a, 0 = -o*z + 3*a + 20. Calculate the remainder when z is divided by u.
0
Let y(h) = -h**3 + 6*h**2 - 4*h + 5. Calculate the remainder when 49 is divided by y(5).
9
Let y = -9 + 16. Suppose y = -n + 2*g, -2*n = -7*n - 4*g + 21. Calculate the remainder when n is divided by 1.
0
Let r(x) = -2*x**3 - 3*x**2. Let z be r(-2). Suppose -2*j - 2 = 0, z*j = -f + 5*j + 56. Let o = 45 + -26. Calculate the remainder when f is divided by o.
17
Suppose 0 = 2*y - 63 + 23. What is the remainder when y is divided by (-13)/(-2) - 3/(-6)?
6
What is the remainder when 46 is divided by 19/((-19)/36)*4/(-6)?
22
Let i = -43 - -53. Suppose -4*s + s + 95 = -a, -3*s = 2*a - 89. Suppose 4*n - s = -4*x + 9*x, 5*x - 1 = -4*n. Calculate the remainder when i is divided by n.
2
Suppose 2*c + 8 = 0, c + 0*c + 72 = -4*u. Let k = u + 31. Let i(v) = 4*v**2 - 7*v + 4. What is the remainder when i(4) is divided by k?
12
Let w = -17 + 24. Let t be (-768)/54 + (-4)/(-18). Calculate the remainder when w is divided by (-4)/6 + t/(-3).
3
Let h be (-6)/(-9) + 13/3. What is the remainder when (130/h)/(2 - 0) is divided by 8?
5
Suppose -22 = -2*d + 34. Suppose -3*n = -0*n - 2*w - 11, 0 = n - w - 5. Let y = 14 + n. What is the remainder when d is divided by y?
13
Let l(t) = -10*t - 8. What is the remainder when 32 is divided by l(-2)?
8
Let y(c) = c**2 - 4*c - 3. Let n be y(6). Suppose 2*m + 44 = 4*m. Calculate the remainder when m is divided by (n - 1) + (-3 - -7).
10
Let r(b) = -b**3 + 16*b**2 + 35*b + 38. Calculate the remainder when 55 is divided by r(18).
15
Suppose -3*r - 3 - 15 = 0. Let j(p) = -p**2 - 6*p + 5. What is the remainder when 18 is divided by j(r)?
3
Let y = -385 - -419. Let j = -18 + 30. Calculate the remainder when y is divided by j.
10
Let k = -7 - -14. Let y = 6 + k. Calculate the remainder when 25 is divided by y.
12
Let l = 64 - 37. What is the remainder when 95 is divided by l?
14
Suppose 7 + 12 = j. What is the remainder when 46 is divided by j?
8
Let v be 1862/12 - 3/18. Suppose v = 4*j + j. Calculate the remainder when j is divided by 11.
9
Let r(x) = -x + 3. Suppose u - 20 = 3*u. What is the remainder when 51 is divided by r(u)?
12
Let o(w) = 2*w. Let q be o(-1). What is the remainder when 65 is divided by (-1)/q*2 + 21?
21
Let s = 30 + -18. What is the remainder when 20 is divided by s?
8
Let z(o) = -2*o - 4. Let w = -2 + 2. Suppose w = -5*j - 0*j - 30. What is the remainder when 23 is divided by z(j)?
7
Let y be (6/(-5))/(15/(-50)). Suppose y*c = -9 + 37. Suppose 0 = -4*q - 4*o + 76, q + 2*o = -4*q + 98. What is the remainder when q is divided by c?
6
Let d = -65 - -96. Calculate the remainder when (33*8/(-96))/((-2)/88) is divided by d.
28
Suppose -2*p = d, d - p + 2*p + 3 = 0. Let u(m) = m**2 + 2*m - 2. Calculate the remainder when u(d) is divided by 12.
10
Suppose -k + 2*k - 9 = 0. What is the remainder when ((-24)/k + -1)*-3 is divided by 6?
5
Let t = 7 - -11. Calculate the remainder when t is divided by 10.
8
Let m(g) = -6*g**2 + 3*g + 5. Let f(c) = -3 - c - 3 + 5. Let v(j) = -6*f(j) - m(j). Calculate the remainder when v(-3) is divided by 12.
10
Let f = 22 + -12. Suppose -s + y = -4*y + 15, 0 = 3*s + 5*y - 15. Calculate the remainder when f is divided by -1 - 1 - -6 - s.
2
Let s(f) = f + 15. Let c be s(-11). Let i(u) = 5*u - 1. Calculate the remainder when i(3) is divided by (-62)/(-8) + 1/c.
6
Let z = -5 - 2. Let s(l) = l**2 + 1. Let f(n) = -n**3 - 11*n**2 - 4*n + 3. Let q(k) = f(k) + 4*s(k). Calculate the remainder when q(z) is divided by 12.
11
Let z = -297 - -430. Calculate the remainder when z is divided by 27.
25
Let h be -3 + -1 + 2 + 86. Calculate the remainder when 8 is divided by h/15 - 12/20.
3
Suppose -3*d + 74 + 34 = 3*t, -120 = -3*t + d. Suppose -5*b + g = -2*g - 88, 5*g + 20 = 2*b. Calculate the remainder when t/1 + 0/(-3) is divided by b.
19
Let l(m) = -m**2 + 1. Let d be l(0). Let a(r) = -r**2 - 8*r + 10. Let z be a(-9). What is the remainder when 2 - (d + (z - 8)) is divided by 5?
3
Let y(j) = -3*j + 1. Let m(z) = -z. Let v(w) = -6*m(w) + y(w). Let t be v(4). Suppose -c = -0*c - t. What is the remainder when c is divided by 4?
1
Let d = -33 - -65. Calculate the remainder when 125 is divided by d.
29
What is the remainder when 46 + -1 - (2 + 0) is divided by 11?
10
What is the remainder when 2046/15 - 1 - 15/(-25) is divided by 35?
31
Suppose 4*n + 3*n = 56. Let h be 4*((-15)/(-4))/(-3). Let a(i) = i**2 + 4*i - 2. Calculate the remainder when n is divided by a(h).
2
What is the remainder when (20/(-125))/(2/(-5))*385 is divided by 31?
30
Suppose 0 = 3*v - 0*v + 15. Let k(a) = 3*a + 7. Let f be k(v). What is the remainder when 46 is divided by f/12 - 50/(-3)?
14
Suppose 3*f - 3 = 27. Let j = 51 - 32. Let s = j - -10. Calculate the remainder when s is divided by f.
9
Let j = -14 - -27. Suppose 0 = r + y - 47, r - 194 = -3*r - 2*y. What is the remainder when r is divided by j?
11
Suppose -5*v - 103 = -c, v + 575 = 5*c - 4*v. What is the remainder when c is divided by 30?
28
Let d = 2 - 2. Suppose 2*h - 2 = 0, -5*n + h + h - 7 = d. Calculate the remainder when (-91 + n)*(-1)/2 is divided by 16.
14
Let p(u) = u**3 + 7*u**2 - 2*u - 8. Let b = -1 - 5. Let l(f) = -f**2 - 8*f + 2. Calculate the remainder when p(-6) is divided by l(b).
12
Suppose 59 + 34 = -3*h. Let p = 45 + h. What is the remainder when 35 is divided by 36/(-14)*p/(-3)?
11
Suppose -3*g + 0*g = -15. Suppose 180 